ppose -f = -2*o - 5*g, 4*o = -9*g + 4*g + 763. What is the tens digit of o?
9
Let f(s) = 1 - 49*s + 51*s - s**2 + 0*s**2. Let u be f(1). What is the units digit of u/(-7) - (-142)/7?
0
Let s = -116 - -141. Suppose -7711 = 14*g - s*g. What is the tens digit of g?
0
Let y = -33871 + 51755. What is the tens digit of y?
8
Suppose 6445 = 2*v - 2*u - 551, v - 3498 = 2*u. What is the thousands digit of v?
3
Let f(b) = b**3 - 7*b**2 - 6*b - 3. Let i be f(7). Let o = -43 - i. Suppose o*c - v - 2*v - 169 = 0, 5*c = -4*v + 365. What is the units digit of c?
7
Suppose 2*k + 0*k = -4*k. Let l be k*(-5)/(-10 + 5). Suppose l = -13*p + 2140 + 590. What is the units digit of p?
0
Suppose 139*s - 165*s + 1065246 = 0. What is the ten thousands digit of s?
4
Let q(m) = 82*m**3 - m**2 + 2*m - 2. Let s = 28 + -24. Suppose -4*l + 12 + 9 = 5*t, 17 = t + s*l. What is the tens digit of q(t)?
8
Let x be ((-126)/(-12) - 9)/((-6)/(-3608)). Let y = x - 524. What is the units digit of y?
8
Let j = -8765 - -15384. What is the thousands digit of j?
6
Let c = 518 + -486. Suppose -10*x + c*x - 23100 = 0. What is the thousands digit of x?
1
Suppose 5*r + 15 = 0, r - 2*r = t - 225. Suppose -75*n - t = -79*n. What is the tens digit of n?
5
Suppose -737 = -3*d - 743. What is the units digit of 446/d*-1*2/2?
3
Let v = -256 - -460. Let o = v + -360. Let h = 275 + o. What is the units digit of h?
9
Let x = -19990 - -32547. What is the units digit of x?
7
Suppose 7*s + 4*s - 10780 = 0. Suppose 5*h = -5*h + s. What is the units digit of h?
8
Suppose -14*k + 10387 = -1415. Let j = k - 47. What is the tens digit of j?
9
Suppose -g - 993 = u, 3*g + u = 5*g + 2001. Let f = 1527 + g. What is the hundreds digit of f?
5
Suppose 4*f = m + 20, -5*m + f = -0 + 5. What is the hundreds digit of 15*(m - 343/(-7))?
7
Let l(f) = 2*f**2 - 43*f + 2. Let r(h) = -25*h + 28*h**2 + 3*h - 27*h**2 + 1. Let y(a) = 2*l(a) - 5*r(a). What is the tens digit of y(13)?
4
Let z be -2*3*(-8)/12. Suppose 0 = 4*d + 4*a - 1108, z*d - 1096 = -0*d + 2*a. Suppose d + 37 = 3*x. What is the hundreds digit of x?
1
Suppose -267 = -5*x + 13. Suppose -5*h = 2*d - 307, -h + 7*d = 2*d - x. What is the units digit of h?
1
Suppose a - 4*i - 26814 = 0, 2*a + 609*i - 53639 = 606*i. What is the hundreds digit of a?
8
Let a = 10 - 5. Suppose -1252 = 2*s - 4*s - a*b, -s + 5*b + 596 = 0. What is the units digit of s?
6
Suppose 1 = 5*b + 51. Let d = 13 + b. Suppose -d*z = 5*x - 14 - 2, 4*x = z - 11. What is the units digit of z?
7
Let s(n) = 990*n + 24. Let o be s(1). Suppose -5*z = 3*h - 8825, -4257 = -3*z + 3*h + o. What is the tens digit of z?
6
Let v be 1*-3*(-4)/6. Let y be 174/33 + (-549)/2013. Suppose 92 = p + y*u, 2*p - 106 = p + v*u. What is the units digit of p?
2
Suppose -13*d + 4304 - 1262 = 0. Suppose -1826 = -4*p - q, -231 - d = -p + 4*q. What is the hundreds digit of p?
4
Let k(x) = -4*x**2 - 13*x - 10. Let h(u) = u**2 + u. Let z(t) = 3*h(t) + k(t). Let g be z(-8). Let s = g - -185. What is the hundreds digit of s?
1
Let t = 38870 - 12034. What is the hundreds digit of t?
8
Let i(y) = -13*y + 28. Let k = 71 - 88. What is the tens digit of i(k)?
4
Let c(g) = -g**3 + 6*g**2 + 4*g - 24. Let v be c(6). Suppose v = -5*a - 3*f + 2645, -a + 5*f = -3*a + 1039. What is the hundreds digit of a?
5
Let y(p) = 32*p**3 + 2*p**2 - 4*p + 1. Suppose 0 = 3*r + 2*r - 2*d - 7, -2*r + 5 = -3*d. What is the units digit of y(r)?
1
Let b(n) = -36*n - 6. Let m(x) = -7*x + 4. Let c be m(7). Let i = c - -42. What is the units digit of b(i)?
2
Suppose 0 = -5*x - l + 20231, -4*x + 3*l - 339 = -16539. What is the tens digit of x?
4
Let u(g) = -2670*g + 862. What is the units digit of u(-3)?
2
Let s = -153 - -466. Suppose -745 = -s*d + 308*d. What is the hundreds digit of d?
1
What is the tens digit of (-17764)/(-3)*(-15)/6*(-6)/10?
8
Let w = -77 - -82. Let r = 99 + w. Let x = r - 79. What is the tens digit of x?
2
Let f(r) = 14*r**3 - 33*r**2 + 141*r - 2. What is the thousands digit of f(5)?
1
What is the tens digit of ((-615)/40*(0 + -14))/((-137)/(-5480))?
1
Let l(h) = -h**2 - 19*h - 29. Let m be l(-10). Suppose -2*u - 13 = -m. Suppose k - u - 120 = 0. What is the units digit of k?
4
Let l(f) = -f**2 - 15*f - 45. Let n be l(-10). Suppose -5*s + z + 1748 = -z, 2*s + n*z = 676. What is the units digit of s?
8
Let v(w) = 20154*w - 964. What is the hundreds digit of v(3)?
4
Suppose -160*i + 1108965 = 75*i. What is the tens digit of i?
1
Let n(c) = -1262*c - 990. What is the tens digit of n(-7)?
4
Suppose 105550 - 4594 + 231900 = 46*k. What is the tens digit of k?
3
Let u = 13673 - 7018. What is the hundreds digit of u?
6
Let d = 384 + -388. What is the hundreds digit of d + 6 + -6 + 165?
1
Let y(i) be the second derivative of 17*i**6/240 - i**5/40 - 13*i**4/4 - 13*i. Let b(u) be the third derivative of y(u). What is the hundreds digit of b(4)?
2
Let v(w) = w**3 + 4*w**2 - w - 3. Let f be v(2). Let h(b) = b**2 - 2*b - 3. What is the tens digit of h(f)?
2
Suppose 10679 + 14374 = 7*j. What is the hundreds digit of j?
5
Let n(v) = 54*v**2 - 3*v + 2. Let q be n(3). Let s = 732 - q. Suppose 4*c = -3*j + 149, 0*j - 5*j - 2*c + s = 0. What is the tens digit of j?
5
Let r(s) = -s**3 + 3*s**2 + 4*s - 11. Let q(u) = -u**2 - u + 3. Let f be q(0). Let x be r(f). What is the units digit of (-7 - (-329)/28)/(x/4)?
9
Suppose 103*x - 10 = 98*x. Suppose 11*h + x*l = 6*h + 959, -h + l = -196. What is the tens digit of h?
9
What is the hundreds digit of 22/((-880)/(-571260))*(-4)/(-3)?
0
Suppose 4*j - 51366 = 113*g - 118*g, 10258 = g - 3*j. What is the ten thousands digit of g?
1
Let r(s) = -s**3 - 43*s**2 + 31*s + 443. What is the tens digit of r(-45)?
9
Let c(a) = 2*a**2 + 12*a - 18. Let w be c(-6). Let b(v) = 0 - 13 - 4*v - v - 2*v. What is the units digit of b(w)?
3
Let w = -6093 + 11750. What is the units digit of w?
7
Suppose s - 342 = -2034. Let f = 2591 + s. What is the tens digit of f?
9
Let t(j) = -2*j**3 - 35*j**2 - 119*j + 43. What is the hundreds digit of t(-22)?
0
Suppose -3*j + 829 = 3*a - 62, -3*a = 2*j - 893. Let l be 938/(-7) + (-11 - -1). Let u = l + a. What is the tens digit of u?
5
Let t(f) = 45*f + 10. Let i be t(-3). Suppose -17 = -y - 93. Let u = y - i. What is the units digit of u?
9
Let p(f) be the second derivative of -23/2*f**2 + 7/3*f**3 + 0 - 4*f. What is the tens digit of p(5)?
4
What is the hundreds digit of (75/20)/15 - (-163452)/16?
2
Let h(x) = 2*x**3 - 28*x**2 - 37*x + 361. What is the hundreds digit of h(21)?
7
What is the tens digit of (-1596)/665*(-109030)/12?
0
Suppose -58*q - 207616 = -4*s - 54*q, 4*s - 207606 = 2*q. What is the tens digit of s?
9
Let l(w) = -3*w**3 - 6*w**2 + 3*w - 153. What is the units digit of l(-19)?
1
Let x(w) = 4*w**2 + 16*w - 12. Let v be x(-6). Suppose -v*k = -29*k - 14. Suppose k*t + 2*t - 792 = 0. What is the tens digit of t?
9
Let o be -3 + 103/1 + -3. Suppose -o*z + 95*z = -24. What is the units digit of z?
2
Suppose 0 = -4*m - 4*h + 1004, -1295 = 17*m - 22*m + 3*h. What is the hundreds digit of 2/m*16 + 13502/16?
8
Suppose -r + 5*k = -2*r + 1695, 1 = -k. Suppose -326 + r = 3*g. Suppose -6*h + g = -4*h. What is the hundreds digit of h?
2
Let f(v) = -2*v**3 - 36*v**2 - 35*v - 23. Let k be f(-17). Let w(p) = 23*p**2 - 9*p - 27. What is the tens digit of w(k)?
5
Suppose 3*v - 135855 = 3*q, 0 = v + q - 13771 - 31526. What is the units digit of v?
1
Let x(o) = o**2 - 8*o - 1. Suppose -9 = -4*z + 19. Let r = 17 - z. What is the units digit of x(r)?
9
Suppose 16*z - 85844 = 25420. What is the hundreds digit of z?
9
Let a = 2153 - 409. What is the units digit of a?
4
Let m(g) = -7*g + 122. Let b be m(17). What is the thousands digit of (-1)/b + (0 - 4513/(-3))?
1
Let w = 28299 - 15895. What is the units digit of w?
4
Suppose -11828 = -9*y + 20383. What is the hundreds digit of y?
5
Let p = -3839 + 5447. What is the hundreds digit of p?
6
Let z(x) = 314*x - 181. Let v(k) = k**2 + 16*k + 52. Let o be v(-12). What is the units digit of z(o)?
5
Let k(a) = -a**2 + 7*a - 11. Let n be k(5). Let p be (21 + -22)*(n - -1). Suppose p = -4*y - 26 + 350. What is the units digit of y?
1
Suppose -2*k - 20 = -b, 2 = -2*k - 4. What is the units digit of (b/(-8))/(27/(-108))?
7
Suppose -2*o - n = -2804 - 2408, 4*o - 2*n - 10424